{"id":63873,"date":"2022-08-21T20:05:56","date_gmt":"2022-08-21T20:05:56","guid":{"rendered":"https:\/\/2022.ecowas.int\/?page_id=63873"},"modified":"2022-10-12T11:53:02","modified_gmt":"2022-10-12T11:53:02","slug":"autoridade-dos-chefes-de-estado","status":"publish","type":"page","link":"https:\/\/www.ecowas.int\/?page_id=63873&lang=pt-pt","title":{"rendered":"A Confer\u00eancia dos Chefes de Estado e de Governo."},"content":{"rendered":"<p>A Confer\u00eancia dos Chefes de Estado e de Governo da CEDEAO \u00e9 a institui\u00e7\u00e3o suprema da Comunidade e \u00e9 composta por Chefes de Estado e\/ou de Governo dos Estados-Membros. A Confer\u00eancia \u00e9 respons\u00e1vel pela dire\u00e7\u00e3o geral e pelo controlo da Comunidade e toma todas as medidas para assegurar o seu desenvolvimento progressivo e a realiza\u00e7\u00e3o dos seus objetivos.<\/p>\n<p>&nbsp;<\/p>\n<p>A Confer\u00eancia \u00e9 respons\u00e1vel pela determina\u00e7\u00e3o da pol\u00edtica geral e das principais orienta\u00e7\u00f5es da Comunidade, fornece diretivas, harmoniza e coordena as pol\u00edticas econ\u00f3micas, cient\u00edficas, t\u00e9cnicas, culturais e sociais dos Estados-Membros. A Confer\u00eancia supervisiona o funcionamento das institui\u00e7\u00f5es comunit\u00e1rias e acompanha a execu\u00e7\u00e3o dos objetivos comunit\u00e1rios.<\/p>\n<p>&nbsp;<\/p>\n<p>A Confer\u00eancia nomeia o Presidente da Comiss\u00e3o em conformidade com as disposi\u00e7\u00f5es do Tratado Revisto da CEDEAO.<\/p>\n<p>&nbsp;<\/p>\n<p>O cargo de presidente da Confer\u00eancia \u00e9 desempenhado anualmente por um Estado-Membro eleito pela Confer\u00eancia.<\/p>\n<p>&nbsp;<\/p>\n<p>A Confer\u00eancia toma decis\u00f5es e as decis\u00f5es da Confer\u00eancia s\u00e3o adotadas, dependendo do assunto em causa, por unanimidade ou por uma maioria de dois ter\u00e7os dos Estados-Membros. As decis\u00f5es da confer\u00eancia s\u00e3o vinculativas para os Estados-Membros e Institui\u00e7\u00f5es da Comunidade.<\/p>\n<p>&nbsp;<\/p>\n","protected":false},"excerpt":{"rendered":"<p>A Confer\u00eancia dos Chefes de Estado e de Governo da CEDEAO \u00e9 a institui\u00e7\u00e3o suprema da Comunidade e \u00e9 composta por Chefes de Estado e\/ou de Governo dos Estados-Membros. A Confer\u00eancia \u00e9 respons\u00e1vel pela dire\u00e7\u00e3o geral e pelo controlo da Comunidade e toma todas as medidas para assegurar o seu desenvolvimento progressivo e a realiza\u00e7\u00e3o [&hellip;]<\/p>\n","protected":false},"author":13,"featured_media":0,"parent":0,"menu_order":0,"comment_status":"closed","ping_status":"closed","template":"page-templates\/about-page.php","meta":{"_acf_changed":false,"footnotes":""},"class_list":["post-63873","page","type-page","status-publish","hentry"],"acf":[],"_links":{"self":[{"href":"https:\/\/www.ecowas.int\/index.php?rest_route=\/wp\/v2\/pages\/63873","targetHints":{"allow":["GET"]}}],"collection":[{"href":"https:\/\/www.ecowas.int\/index.php?rest_route=\/wp\/v2\/pages"}],"about":[{"href":"https:\/\/www.ecowas.int\/index.php?rest_route=\/wp\/v2\/types\/page"}],"author":[{"embeddable":true,"href":"https:\/\/www.ecowas.int\/index.php?rest_route=\/wp\/v2\/users\/13"}],"replies":[{"embeddable":true,"href":"https:\/\/www.ecowas.int\/index.php?rest_route=%2Fwp%2Fv2%2Fcomments&post=63873"}],"version-history":[{"count":4,"href":"https:\/\/www.ecowas.int\/index.php?rest_route=\/wp\/v2\/pages\/63873\/revisions"}],"predecessor-version":[{"id":68335,"href":"https:\/\/www.ecowas.int\/index.php?rest_route=\/wp\/v2\/pages\/63873\/revisions\/68335"}],"wp:attachment":[{"href":"https:\/\/www.ecowas.int\/index.php?rest_route=%2Fwp%2Fv2%2Fmedia&parent=63873"}],"curies":[{"name":"wp","href":"https:\/\/api.w.org\/{rel}","templated":true}]}}