{"id":62840,"date":"2022-07-29T14:07:16","date_gmt":"2022-07-29T14:07:16","guid":{"rendered":"http:\/\/192.168.1.181\/eco2\/careers\/"},"modified":"2025-10-24T10:31:44","modified_gmt":"2025-10-24T10:31:44","slug":"careers","status":"publish","type":"page","link":"https:\/\/www.ecowas.int\/?page_id=62840&lang=fr","title":{"rendered":"RECRUTEMENT A LA CEDEAO"},"content":{"rendered":"<p>Cr\u00e9\u00e9e\u00a0<strong>le 28 mai 1975<\/strong>, la Communaut\u00e9 \u00e9conomique des Etats de l\u2019Afrique de l\u2019Ouest (CEDEAO) est une organisation r\u00e9gionale intergouvernementale regroupant les 12 Etats membres suivants : le B\u00e9nin, le Cap Vert, la C\u00f4te d\u2019Ivoire, la Gambie, le Ghana, la Guin\u00e9e, la Guin\u00e9e Bissau, le Liberia, le Nigeria, le S\u00e9n\u00e9gal, la Sierra Leone et le Togo. Son Si\u00e8ge social est \u00e0 <strong>Abuja, Nigeria<\/strong>\u00a0et les langues de travail sont\u00a0:\u00a0<strong>l\u2019anglais, le fran\u00e7ais et le portugais<\/strong><\/p>\n<p>En vue d\u2019une mise en \u0153uvre efficace de leurs programmes sectoriels, les Institutions et Agences sp\u00e9cialis\u00e9es de la CEDEAO dont la Cour de Justice de la Communaut\u00e9, le Parlement, l\u2019Organisation Ouest Africaine de la Sant\u00e9 (OOAS) et le Groupe Intergouvernemental d\u2019Action contre le Blanchiment d\u2019Argent (GIABA) cherchent \u00e0 recruter des candidat(e)s capables, qualifi\u00e9(e)s et ressortissants des Etats-Membres de la CEDEAO, dans les domaines suivants\u00a0:<\/p>\n<ul>\n<li><i><em>Administration G\u00e9n\u00e9rale, Conf\u00e9rences, Finance; Gestion des Ressources Humaines,<\/em><\/i><\/li>\n<li><em>Politiques Macro\u00e9conomiques, Recherche Economique, Infrastructure,<\/em><\/li>\n<li><em>Commerce, Douanes, Libre Circulation, Industrie et Promotion du Secteur Priv\u00e9<\/em><\/li>\n<li><em>Agriculture, Environnement, Ressources naturelles, Sant\u00e9, Sant\u00e9 animale<\/em><\/li>\n<li><em>Affaires Politiques, Paix, S\u00e9curit\u00e9, Affaires Sociales et Genre<\/em><\/li>\n<li><em>Education, Science et Culture, D\u00e9veloppement de la Jeunesse et du Sport<\/em><\/li>\n<li><em>T\u00e9l\u00e9communications et Technologies de l\u2019Information<\/em><\/li>\n<li><em>Blanchiment d\u2019Argent et financement du terrorisme<\/em><\/li>\n<li><em>Relations internationales \/ Diplomatie, Affaires juridiques<\/em><\/li>\n<li><em>Suivi et \u00e9valuation, Gestion strat\u00e9gique, Planification strat\u00e9gique<\/em><\/li>\n<li><em>Mines, \u00c9nergie, \u00e9nergies renouvelables, efficacit\u00e9 \u00e9nerg\u00e9tique<\/em><\/li>\n<li><em>Audit interne<\/em><\/li>\n<\/ul>\n","protected":false},"excerpt":{"rendered":"<p>Cr\u00e9\u00e9e\u00a0le 28 mai 1975, la Communaut\u00e9 \u00e9conomique des Etats de l\u2019Afrique de l\u2019Ouest (CEDEAO) est une organisation r\u00e9gionale intergouvernementale regroupant les 12 Etats membres suivants : le B\u00e9nin, le Cap Vert, la C\u00f4te d\u2019Ivoire, la Gambie, le Ghana, la Guin\u00e9e, la Guin\u00e9e Bissau, le Liberia, le Nigeria, le S\u00e9n\u00e9gal, la Sierra Leone et le Togo. [&hellip;]<\/p>\n","protected":false},"author":13,"featured_media":66250,"parent":0,"menu_order":0,"comment_status":"closed","ping_status":"closed","template":"","meta":{"_acf_changed":false,"footnotes":""},"class_list":["post-62840","page","type-page","status-publish","has-post-thumbnail","hentry"],"acf":[],"_links":{"self":[{"href":"https:\/\/www.ecowas.int\/index.php?rest_route=\/wp\/v2\/pages\/62840","targetHints":{"allow":["GET"]}}],"collection":[{"href":"https:\/\/www.ecowas.int\/index.php?rest_route=\/wp\/v2\/pages"}],"about":[{"href":"https:\/\/www.ecowas.int\/index.php?rest_route=\/wp\/v2\/types\/page"}],"author":[{"embeddable":true,"href":"https:\/\/www.ecowas.int\/index.php?rest_route=\/wp\/v2\/users\/13"}],"replies":[{"embeddable":true,"href":"https:\/\/www.ecowas.int\/index.php?rest_route=%2Fwp%2Fv2%2Fcomments&post=62840"}],"version-history":[{"count":18,"href":"https:\/\/www.ecowas.int\/index.php?rest_route=\/wp\/v2\/pages\/62840\/revisions"}],"predecessor-version":[{"id":121714,"href":"https:\/\/www.ecowas.int\/index.php?rest_route=\/wp\/v2\/pages\/62840\/revisions\/121714"}],"wp:featuredmedia":[{"embeddable":true,"href":"https:\/\/www.ecowas.int\/index.php?rest_route=\/wp\/v2\/media\/66250"}],"wp:attachment":[{"href":"https:\/\/www.ecowas.int\/index.php?rest_route=%2Fwp%2Fv2%2Fmedia&parent=62840"}],"curies":[{"name":"wp","href":"https:\/\/api.w.org\/{rel}","templated":true}]}}